 -387).
-26
What is -40 - ((63 - 61 - 25) + (15 - -1))?
-33
Calculate (-118 + 63 - -50 - (14 + -2 - -1)) + 5.
-13
-108 - (23 + -5 - 33)
-93
What is 9 - (25 + (5 - (11 - 26)) - (2 - 6))?
-40
Evaluate 26 + -3 + (-9 + 7 - 26 - 29).
-34
(20395 - 20392) + (1 - (-17 - -2))
19
Calculate -144 - (49 + -116) - -141.
64
What is 182 - 259 - (-97 + 30)?
-10
What is the value of (12 + -38 + -20 - (-6 - -4)) + 7?
-37
What is -284 + 287 - (19 - (-3 + 4))?
-15
4 + (33 - 69 - -46 - (-1 + 52))
-37
Evaluate 15 + (-16 - (0 + -108 - -5) - 0).
102
What is the value of -4 - (-15 + (-91 - (-7 + (-13 + 13 - 5))))?
90
Evaluate -1 + 57 + -222 + 205.
39
Evaluate (29 - (16 - -10 - -13)) + 82.
72
What is -6 + (94 - 48) + 9?
49
Evaluate -16 + (1 - -1) - (490 - 507).
3
Evaluate 81 - ((-19 - 4) + 59).
45
What is (-10 + -10 + 62 - -4) + (1 - -9) + 1?
57
What is the value of 7 - (-25 - (-7 + (2 + -2 - (0 + -5))))?
30
Evaluate (68 - 59) + (-9 - 2) - (-36 - -3).
31
(-96 - (-6 - 47)) + -12
-55
What is the value of -65 + -28 - (1 + 2 + 3 + -13 + 2)?
-88
Evaluate 109 + -133 + -64 - -15.
-73
What is -226 - -235 - (-67 - -6)?
70
What is (6 - -12) + (-141 - (-9 + 20)) + -2?
-136
Evaluate (107 - 138) + (-22 - -9).
-44
Evaluate (9 - (9 - (-35 - -40 - (-5 - -1)))) + -56.
-47
What is the value of (6 - (14 + -4)) + -2 + -86 + 85 - -82?
75
Calculate 42 + -77 + 54 + (1 - 34).
-14
1 + -76 + (1379 - 1204)
100
Evaluate (-26 - -15 - -62) + -30 - 68.
-47
Calculate -34 + (-5 + -18 - 11) + 1.
-67
Evaluate -41 + 38 - (20 + -9 + 19 - -8).
-41
Calculate (-17 + 2 - (19 - 18)) + (-267 - -279).
-4
Calculate (-360 - -371) + 2 + (-23 - 0).
-10
-84 - -147 - (-1 + (5 - -8))
51
What is the value of (-3 - -11) + 1023 + -1008?
23
Calculate 21 + (35 + -25 + 20 - 2).
49
Evaluate (1 - (-1 - 16)) + (-152 + 76 - -75).
17
Calculate -14 + (-13 - (19 + (-1 - 4) + 0)).
-41
What is -14 - 36 - (-103 + 78)?
-25
Evaluate 10 + -35 + 70 + -23.
22
Evaluate 44 + -1 + (1790 - 1767).
66
What is 80 + (1 + -5 - -4) - 22?
58
What is 1 - ((-7 - -8) + -5) - (10 + -32)?
27
Calculate (-90 - -77 - -19) + (1 - -18).
25
What is the value of 52 + (17 + -12 - -3 - (-8 + 5))?
63
52 - (-19 - -16) - -4
59
What is the value of (-7 - 0) + 22 + (4 - 10) - -79?
88
What is 22 + 14 - (33 - 2)?
5
What is the value of 0 + -19 + (-7 - (-14 - (-22 + (12 - -2))))?
-20
What is the value of 82 - -8 - (12 - -22)?
56
Calculate (12 - 12 - -13) + -11 - (8 - -71).
-77
What is the value of -36 + (5 - (-29 + -17))?
15
What is the value of -47 + 0 - (4 - ((302 - 330) + 21 + 0))?
-58
What is the value of 50 + -7 + -30 + -2 + -1 + -50?
-40
What is the value of 8 - 9 - ((66 - -18) + (1 - (-1 + -3)))?
-90
Calculate -10 - ((-20 - (-3 - 22)) + -59 + 1 + -5).
48
-3 + (-12 - (-13 + 7) - 0) - -17 - 94
-86
What is -13 + (-5 - 1) - (-7 + -5)?
-7
What is (57 + (-70 - -2) - (1 + -3)) + -2 + -3?
-14
Evaluate 97 + 40 + -146 + 64.
55
What is 4 + 7 + 11 + -15 + -3 + -7 + 6?
3
What is (-18 - -21) + 25 + -5 - 13?
10
What is -39 + (-3 - -53) + 1 + (-79 - (11 - 6))?
-72
What is the value of (7 + 19 - 25) + (-3 - -1) + (28 - 4)?
23
Evaluate (1 - 26) + -1 - (324 + -16 + -304).
-30
Evaluate (7 - 26 - (84 - 33)) + 5 + -17.
-82
Calculate 129 + -126 - ((-52 - (-3 - -1 - -4)) + -4).
61
Calculate -43 - (-73 + 6 + 38 + 24).
-38
What is the value of -14 + 0 + -21 + 80 + (-89 - -74)?
30
Evaluate 1 - 11 - (-140 + 138 + -2).
-6
Calculate -3 + (-37 + -14 - -43 - (0 + -4 + -4)).
-3
Evaluate -81 + (-6 - -23) + (18 - 7) + -21.
-74
What is 13 - (-8 + (0 + 7 - (-120 + 121)))?
15
Evaluate (2172 - 2064) + (-72 - -1).
37
23 - (0 - 63) - 27
59
Evaluate (2 - 4) + (-4 - 7) + (-16 - -64).
35
-4 + -9 + 27 - (9 - (4 + -6 + 16))
19
What is 18 + -17 + (0 - (7 - 7)) + -9?
-8
What is 65 + (-1 - (8 - (11 + -15))) + 0 + -1?
51
What is the value of 15 + 1 + 195 + -178 + -20?
13
Calculate -36 + -35 + 33 - 31.
-69
Calculate 1 + -83 + 3 - (-237 + 136 + 103).
-81
Evaluate -48 + -25 + -30 + 46 + 32.
-25
What is (-47 - 1) + 21 + (28 - 21) + -14?
-34
What is the value of (-11 - (4 - 10 - -8)) + 9 + -69?
-73
What is -62 - (-1 + -50 - (200 - 297))?
-108
Calculate -13 - ((-1 + 57 - (34 + 9 + -49)) + 2).
-77
(13 - (-9 - -4 - -7)) + (-1 - 28)
-18
Evaluate 9 - (-9 + (13 - 12) - -42).
-25
What is the value of 1 - 30 - (-12 + 15 + (6 - (-10 - -26)))?
-22
Evaluate (2 - 6 - (7 - 20)) + -18 + 16 + 2.
9
Calculate (11 - (25 - -2)) + (-13 - (0 - 1)).
-28
Evaluate 88 - 2 - (42 - (92 - 49)) - 4.
83
What is 7 + (-10 - (6 + -18 - -4)) + 8?
13
What is 76 + -59 - -10 - (1 + -5)?
31
What is the value of -14 + 30 + -15 + 7 - -18?
26
Calculate (-109 - (41 + -63)) + 32.
-55
What is the value of -13 + -13 + (20 - 5) + -12 - -9?
-14
What is the value of 9 + (-1 - -1) + (38 - (-26 - -66))?
7
What is 24 - (26 - 0) - 47 - -26?
-23
-68 - -76 - (36 - -2) - (1 - -2)
-33
Evaluate (1 - (-4 - 1)) + -24 - (54 - 85).
13
Evaluate 16 - (-41 - (11 + -82)).
-14
Calculate -5 + -5 + (40 - 9 - 9) + -11 - -22.
23
Evaluate -543 + 501 - (-26 - (4 + -4)).
-16
(-3 - -1) + (-4524 - -4494)
-32
What is (14 - -121) + -148 - (4 - (4 - 2))?
-15
What is (-109 - (-49 + -24)) + 50?
14
Calculate 33 + 6 - (10 + -38 + 2 + 8).
57
8 - (11 - -177 - 86)
-94
Calculate (-1 - -30) + (-4 - -15) + -31.
9
Evaluate -2 - (-2 + -4 + (-19 - -35) - 20).
8
What is ((-9 - -1) + 7 - (3 - 5)) + (14 - 8)?
7
Evaluate -14 + -3 - (-56 + 8 + -10).
41
7 - (39 + -10 + -7) - ((4 - 0) + 35)
-54
(29 - 20 - -8) + -5 - (2 + 1)
9
What is -26 + (0 - (-2 + (17 - 9) - -3)) + 8?
-27
Evaluate -5 + (-3 - -10) + 5 + (75 - 47).
35
(2 + 2 + (-4 - 5) - 0) + (147 - 10)
132
Evaluate (4 - 6 - (7 + -17 + 3)) + -3 + 6.
8
What is the value of 103 - (-31 + 43) - ((0 + -1 - -3) + 11)?
78
What is 41 + 37 + -36 + -22?
20
What is the value of 57 + -118 + 121 - 133?
-73
What is -34 + (7 - 10 - (1 + 5) - -10)?
-33
Evaluate -3 + (0 - 3) + (54 - (-36 - -96)).
-12
What is (96 - (21 + 39)) + -14?
22
(101 - 9) + 10 + -26
76
What is 831 + -914 + (80 - 1)?
-4
What is 21 + (40 - (50 - 21) - (1 + 4))?
27
1 + (-3 - -33) - (-2734 - -2724)
41
What is the value of (109 - 92) + (-21 - -33) + -17?
12
What is the value of 0 + -54 + -44 + 155 + -101?
-44
Calculate -37 - (-15 - 8) - ((-13 - -1) + -3).
1
What is the value of (14 - (18 - -5) - 9) + -3?
-21
What is -9 + 26 + (22 - 71)?
-32
Calculate 0 + (55 - 1) + (-7 - (10 - (1 - -7))).
45
What is the value of 3 + -82 + 1 + 4 + -19 + 8 + 9?
-76
57 + (-60 - (-108 + 54))
51
What is the value of -7 + 2 + (3 + 8 - 27) + -11 + -12?
-44
What is 83 - ((3 - (-5 + 4)) + -24 + (138 - 123))?
88
Calculate (16 + 0 + (-2 - 8) - 11) + 56.
51
What is 84 + -50 - (-1 - (-2 + 7))?
40
What is the value of -5 + (8 + 1 - 19) + 13 - (0 + -31)?
29
What is the value of (7 + -17 + 29 - 0) + -66?
-47
What is the value of 8 + -18 + (0 - -18) + (2 - -49)?
59
What is (15 - 1) + 15 + 8 + -79?
-42
Evaluate -18 - (18 + (-50 - 9)) - 0.
23
What is -31 - (-13 - (12 + -1 + -22)) - 2?
-31
What is (2 - (-118 - (23 + -52))) + (2 + -3 - 9)?
81
What is the value of -13 + (-1 - (5 + -4)) + 4 + 4?
-7
Calculate 45 + (-8 + 0 - (-73 - -69) - 0).
41
Calculate (-7 + 47 - 36) + (-1 - -19) - (-10 - -2).
30
What is the value of 8102 - 8047 - (116 + 1)?
-62
16 - (-199 + 42 + 77)
96
What is -3 - ((3 - 4 - -10) + -5)?
-7
What is the value of 226 + (-157 - (13 + -65))?
121
Evaluate 7 - (8 + -12) - (1 + (-6 - -12 - 0)).
4
Calculate (27 - (-11 + 24)) + (-3 - (-9 + 5)).
15
Evaluate (9 - 23) + 63 + -123.
-74
Evaluate (-2 - -52) + (12 - (11 - 1 - (47 - 55))).
44
(14 - 1 - 1) + -106 + (39 - 30) + 15
-70
What is the value of 3 + -4 + -3 + (-12 - (1 + -3 + -1))?
-13
Calculate -32 - 0 - (45 - 51).
-26
What is the value of -122 - ((-11 - (0 - 1)) + 992 + -978 + -12)?
-114
Evaluate 1 - (-2 + -10 + (22 - 7)).
-2
71 - -2 - (191 - (283 - 142))
23
What is the value of (19 - (2 + 3)) + -5 + (-6 - 18)?
-15
What is the value of -8 + 2 + (69 - (2 + -1 - (-76 - -63)))?
49
What is -21 + 9 - (41 - 5)?
-48
Calculate (8 - (7 - 3)) + 6 + (83 - (20 + 153)).
-80
-39 + (-43 - -87) + -32
-27
What is (19 - 2) + (-88 - (-29 + 4 + 12))?
-58
-69 + (-73 - -93 - 9)
-58
Evaluate -51 - (-10 + -35) - -2.
-4
Evaluate (6 - -5) + -11 + 5 + -1 + -11 - 22.
-29
Calculate (38 - 42) + (0 - 3) + (272 - 198) - 11.
56
What is (16 + (15 - (11 - -13)) - 13) + -16?
-22
-219 - -198 - (-10 - (-29 + 6))
-34
What is 